umber?
False
Let d(w) = -114*w - 7. Let y(r) = 3*r - 96. Let a be y(31). Is d(a) a composite number?
True
Let z(c) = -20*c**3. Let f be z(-6). Suppose 7*l - 3233 = f. Is l composite?
True
Suppose q - 34 + 459 = 0. Let a be 51/(-3 + (-1270)/q). Let u = -1872 - a. Is u a prime number?
False
Let r = 188929 - -24772. Is r composite?
True
Let j(s) = -9 - 8*s**2 + 86*s - 69*s**3 - 182*s + 91*s. Is j(-5) composite?
True
Suppose -45*t + 14921400 + 10132755 = 0. Is t prime?
False
Let u(n) = 17*n**3 - 34*n**2 - 29*n + 1. Suppose 461*f - 467*f = -90. Is u(f) a composite number?
True
Suppose -4*y - t = -2*t - 53512, -66865 = -5*y - 5*t. Let a = y - 4790. Is a composite?
True
Suppose 3*v = 3*z - 32430, -3*z - 129*v + 134*v + 32448 = 0. Is z composite?
True
Is ((-233960)/12 - -2)*(-36)/48 composite?
False
Let w be (-945)/(-525)*20/(-6). Let u(t) = t**2 + 4*t + 5. Let d be u(-4). Is w/12 + d/((-30)/(-8829)) a composite number?
False
Suppose 0 = -2*y - 7*y. Suppose -5*n = y, 3*h = 3*n + 657 + 1656. Is (1 - 5) + h/3 composite?
True
Suppose 29056 = y + 9753. Is y a prime number?
False
Let a(d) = 221*d - 164. Let p be a(-8). Let b = -1319 - p. Is b composite?
False
Let z = -348549 - -501434. Is z composite?
True
Suppose 16934312 = 82*k + 11*k + 43*k. Is k composite?
True
Let d(q) = q**3 + 40*q**2 - 11*q + 53. Is d(-40) composite?
True
Let z be (-4)/4 - (381 + 3). Let l = 4143 + z. Is l prime?
False
Suppose -7*c = -5*z - 2*c + 70, -3*c = 3. Suppose 0 = -z*p + 220214 + 44583. Is p composite?
False
Is (-16)/112 + (-1112000)/(-7) prime?
False
Let y(i) = 3789*i**2 + 35*i - 243. Is y(14) composite?
False
Is 139964/33*((-60)/(-16) + -3) a composite number?
False
Let r(j) = 16936*j**2 - 70*j - 17. Is r(-3) composite?
False
Suppose -2*x = -4*t + 194, -5*x + 4*t - 501 = 2*t. Let a be x*(-3)/(-6) + 3/6. Is (a/20)/((-413)/206 + 2) a composite number?
True
Let g(r) = -r**3 + 3*r - 16. Let l(k) = -k**3 + 8*k**2 - 3*k + 18. Let d be l(8). Let m be g(d). Is (-8 + m)*(2 - 6/4) a composite number?
True
Let i(x) = 13*x + 91. Let t(h) = -4. Let q(y) = -i(y) + 6*t(y). Is q(-26) a composite number?
False
Suppose -7*i + 9*i - 16 = 0. Let w(n) = n**2 - 9*n + 9. Let b be w(i). Is 636 - (b + 3) - -3 prime?
False
Suppose -13*a + 16*a - 138 = 0. Suppose -5*i = 2*w - 4198, 5*w - a*i + 51*i = 10495. Is w composite?
False
Let c(q) = 5*q**3 + q**2 - 6*q + 11. Let n = -47 - -52. Suppose 2*h - 5 = -5*p + n, 0 = -3*h + 2*p + 15. Is c(h) a composite number?
False
Let z(f) = 503*f**3 + 32*f**2 - 148*f + 4. Is z(5) composite?
False
Suppose -3*n + m = -1805620, 1318*m = 3*n + 1313*m - 1805624. Is n composite?
False
Let i = -60809 + 90942. Is i composite?
False
Suppose 0 = -2*r + 19 - 3. Let p = -12 + r. Is (2 + (717 - p))*1 composite?
True
Let s(b) = 3416*b**2 - 26*b + 91. Is s(9) composite?
False
Let x = -85 - -165. Let z = 83 - x. Is 1174/(-3)*z/(-2) prime?
True
Let j(b) = 319 - 31*b + 309*b + 2*b + 8*b + 162*b. Is j(23) composite?
True
Let m(b) = -46266*b - 655. Is m(-4) a prime number?
True
Let o = 78 - 74. Suppose 2*j - 3166 - 2120 = o*b, -4*b - 10552 = -4*j. Is j a prime number?
True
Let h = 73217 + -20358. Is h prime?
True
Suppose v = -6 + 8. Suppose v*f = 3*x - 1367, 2*x + 0*x = 3*f + 918. Suppose -2*k + x = 5*l, -181 = -2*l - 0*k - k. Is l prime?
False
Let n = 149 + -145. Suppose 5*l + 2581 - 7534 = n*p, -2*l + 1970 = 4*p. Is l composite?
True
Suppose 24184 = 5*d - 3*s - 121386, -87361 = -3*d - 2*s. Is d a composite number?
True
Suppose -18*n = -14*n - 432. Let o = n - -187. Is o a composite number?
True
Let l = -23 + 30. Let v = l - 15. Let r(q) = -2*q**3 - 6*q**2 - 5*q - 7. Is r(v) a prime number?
True
Is 108990 + ((7 - 11) + 3)*-1 a composite number?
False
Let y = -952084 + 3025871. Is y a composite number?
False
Let j(i) = 40*i - 4. Let p be j(8). Let y be (p/(-8))/(1/(-4)). Suppose 1494 + y = 4*g. Is g a prime number?
False
Let a = -42 - -40. Let w(p) = 1872*p**2 - 11*p - 11. Is w(a) a composite number?
False
Suppose 4*d = -4*k + 808716, -4*k + 202167 = -3*k + 4*d. Is k prime?
True
Suppose 4*p + 1579151 = 3*s + 417544, 2*p = 5*s - 1935993. Is s a composite number?
False
Let l = -44 - -39. Is -4*l/((-80)/(-24748)) a prime number?
False
Let l be (3/3 - 3)*58/(-4). Let x = 222 + l. Is x prime?
True
Let b = -4574 + 4873. Is b prime?
False
Let w(r) be the first derivative of 14*r**4 - 5*r**2/2 + 5*r + 9. Is w(2) prime?
True
Suppose -569*x = -525*x - 26461468. Is x a composite number?
False
Suppose 155*i - 48646592 = -91*i - 9756698. Is i a composite number?
True
Let i = -106484 + 154435. Is i a composite number?
False
Suppose -3954 = -2*x + 4892. Is x/7 - (-192)/(-224) a prime number?
True
Let j be (1/(-3))/(9/(-27)). Let h be (-1 + 0)*58 + j. Let r = h - -610. Is r a composite number?
True
Let a(r) = -374*r**3 - 6*r**2 + 13*r + 42. Is a(-5) a prime number?
False
Let m = 935 + 1507. Suppose -20*q + m = -18*q. Suppose -q = -7*i + 4*i. Is i composite?
True
Suppose -920*c = -917*c - 14901. Suppose -2*o - x + 9934 = x, o - 2*x - c = 0. Is o a composite number?
False
Let i(d) = -106*d**2 - 19*d + 14. Let u(s) = 159*s**2 + 28*s - 21. Let h(o) = 7*i(o) + 5*u(o). Let r = -12 - -13. Is h(r) a composite number?
False
Suppose -26*z + 116968 + 124962 = 0. Is z a composite number?
True
Let g be 1*7/((-63)/(-3069)). Let l = 1488 - g. Is l prime?
False
Let f = 28 + 245. Let g(j) = 39*j**2 - j - 7. Let y be g(-6). Suppose -4*s = -y - f. Is s a prime number?
True
Is -5*(15495483/(-255) + (1 - 1 - -6)) a prime number?
True
Let o(f) = f**3 - 13*f**2 + 23*f - 9. Let t be o(11). Suppose -5*p - 5*r + 8585 = 0, -t*r = p - 6*r - 1737. Is p a prime number?
True
Let y = 908784 + -460187. Is y a composite number?
False
Suppose b - 21155 = -5*a, 4*a - 6*b - 16938 = -4*b. Let i = a - 1771. Is i a composite number?
True
Let u = 30245 + -2064. Is u a prime number?
True
Let o be -3 - 3 - (2 - 8117). Let d = o - 4732. Is d a composite number?
True
Is 84/280 + 47727619/170 a composite number?
False
Let w = 111 + 5948. Let p = -2706 + w. Is p a prime number?
False
Let z(v) = 3*v**2 + 21*v + 87. Let j be z(-19). Suppose 3*q + 3*p - j = 0, -3*q + 3*p = 4*p - 763. Is q prime?
False
Let p(i) = -50*i + 6. Let x be p(-7). Suppose -3*w = -5*f - 446, 2*w - 304 = 32*f - 30*f. Let z = x - w. Is z prime?
True
Let w(m) = 81669*m**3 - 184*m + 367. Is w(2) prime?
False
Suppose 0*l = 3*n + 2*l - 7, -n = -4*l - 7. Is 27833/n + (-84)/126 composite?
False
Suppose 22*q = 20*q + 18. Suppose 0 = 4*h + q*p - 5*p - 536, -3*h = 5*p - 408. Is h prime?
True
Suppose 5*o + 5*u = 37055, -5*o - 4*u + 29612 + 7446 = 0. Let p = 11357 - o. Is p prime?
True
Let p = 94906 - -233175. Is p a composite number?
True
Is 62189*(28/(-56))/(2/(-4)) prime?
True
Let p = 1035 + -1026. Is 92981/p + 2 + 100/(-45) a prime number?
True
Let m = 28 + -19. Suppose m*g + 28 = 2*g. Is g*1*(85/(-4) - 3) composite?
False
Suppose 0 = -4*d + 2*m + 148, -5*d + 25 + 159 = -3*m. Let c = 38 - d. Suppose 3*n = -c*n + 4191. Is n a composite number?
True
Suppose 11*x - 19007 = -4036. Is x a prime number?
True
Suppose -39 = -11*s - 2*s. Let a(z) = 31*z**2 - 6*z + 2. Is a(s) a composite number?
False
Is (-9 + 470728)*(4 + (-5 - -2)) prime?
True
Let f = -3447 + 5497. Suppose 0 = 4*j + 2*v - 12022, -5*v + f - 14093 = -4*j. Is j composite?
True
Suppose 19*x = -7*x + 723658. Is x a prime number?
False
Let z(x) = x**3 - 39*x**2 - 31*x + 164. Let d be z(40). Suppose 3*r + 0*r = -51. Let k = d - r. Is k prime?
True
Suppose -317900 = 3*q - 25*q. Suppose 7*m - q = 8839. Is m a composite number?
True
Let x(u) be the third derivative of 47*u**5/12 - u**4/4 + 3*u**3 + 46*u**2. Is x(-5) composite?
False
Let i = 273491 - 173224. Is i a composite number?
False
Let y(n) = 9*n + 29. Let s be y(-3). Suppose -3691 = -s*c - r, 5*r - 5544 = -3*c + 6*r. Is c a prime number?
True
Is (-6)/(-15) + (-49489132)/(-820) prime?
True
Suppose 26465590 = -7*d - 25*d + 65714582. Is d a prime number?
True
Suppose 3*o - 2*y = 583533, -18 = 2*y + y. Is o prime?
True
Let t(d) = 578*d**3 + 5*d**2 - 15*d + 89. Is t(11) composite?
True
Suppose 98*j + 133 = 99*j. Suppose 6806 - j = a. Is a a prime number?
True
Let a = 220 + -217. Suppose 0*w = -3*w - 3*y + 5082, a*y = -5*w + 8468. Is w prime?
True
Suppose -w + 5*a + 729233 = -71